{"id":19672,"date":"2026-04-25T02:00:30","date_gmt":"2026-04-25T02:00:30","guid":{"rendered":""},"modified":"2026-04-25T02:00:30","modified_gmt":"2026-04-25T02:00:30","slug":"blanco-flexon-ii-45-2-sorter-521468","status":"publish","type":"product","link":"https:\/\/luxtehnikashop.ee\/et\/p\/blanco-flexon-ii-45-2-sorter-521468\/","title":{"rendered":"BLANCO FLEXON II 45\/2 Sorter, 521468"},"content":{"rendered":"","protected":false},"excerpt":{"rendered":"<p><span>J\u00e4\u00e4tmete sorteerimiss\u00fcsteem<br \/>Ukse t\u00fc\u00fcp: Esiuksega Avatav<br \/>Lihtne avada koos esiuksega<br \/>Kapile laiusega v\u00e4hemalt min. 45cm<br \/>\u00c4mbrite arv: 2tk<br \/>Konteinerite Maht 32L \/ 2x16L;<br \/>Kvaliteetne s\u00fcsteem k\u00f5igi standardsete kappide jaoks<br \/>Kapi ja s\u00fcsteemi k\u00f5igi osade puhastamiseks on lihtne juurdep\u00e4\u00e4s<br \/>V\u00e4ikeste \u00e4mbrite ja kaantega mudelid sobivad ideaalselt orgaaniliste j\u00e4\u00e4tmete kogumiseks.<strong><br \/><\/strong><\/span><\/p>\n","protected":false},"featured_media":19673,"template":"","meta":[],"product_cat":[432,499],"product_tag":[],"_links":{"self":[{"href":"https:\/\/luxtehnikashop.ee\/et\/wp-json\/wp\/v2\/product\/19672"}],"collection":[{"href":"https:\/\/luxtehnikashop.ee\/et\/wp-json\/wp\/v2\/product"}],"about":[{"href":"https:\/\/luxtehnikashop.ee\/et\/wp-json\/wp\/v2\/types\/product"}],"wp:featuredmedia":[{"embeddable":true,"href":"https:\/\/luxtehnikashop.ee\/et\/wp-json\/wp\/v2\/media\/19673"}],"wp:attachment":[{"href":"https:\/\/luxtehnikashop.ee\/et\/wp-json\/wp\/v2\/media?parent=19672"}],"wp:term":[{"taxonomy":"product_cat","embeddable":true,"href":"https:\/\/luxtehnikashop.ee\/et\/wp-json\/wp\/v2\/product_cat?post=19672"},{"taxonomy":"product_tag","embeddable":true,"href":"https:\/\/luxtehnikashop.ee\/et\/wp-json\/wp\/v2\/product_tag?post=19672"}],"curies":[{"name":"wp","href":"https:\/\/api.w.org\/{rel}","templated":true}]}}

<p><span>Jäätmete sorteerimissüsteem<br />Ukse tüüp: Esiuksega Avatav<br />Lihtne avada koos esiuksega<br />Kapile laiusega vähemalt min. 45cm<br />Ämbrite arv: 2tk<br />Konteinerite Maht 32L / 2x16L;<br />Kvaliteetne süsteem kõigi standardsete kappide jaoks<br />Kapi ja süsteemi kõigi osade puhastamiseks on lihtne juurdepääs<br />Väikeste ämbrite ja kaantega mudelid sobivad ideaalselt orgaaniliste jäätmete kogumiseks.<strong><br /></strong></span></p>
